{"id":911,"date":"2020-09-21T20:49:37","date_gmt":"2020-09-21T20:49:37","guid":{"rendered":"https:\/\/armeedusalut.be\/liege\/?page_id=911"},"modified":"2023-05-30T09:13:41","modified_gmt":"2023-05-30T09:13:41","slug":"recevoir-un-colis","status":"publish","type":"page","link":"https:\/\/armeedusalut.be\/liege\/recevoir-un-colis\/","title":{"rendered":"Recevoir un colis"},"content":{"rendered":"<div class=\"wpb-content-wrapper\">[vc_row][vc_column width=\u00a0\u00bb1\/2&Prime;]<figure class=\"vcex-image vcex-module\"><div class=\"vcex-image-inner wpex-relative wpex-inline-block\"><img width=\"2560\" height=\"1816\" src=\"https:\/\/armeedusalut.be\/liege\/wp-content\/uploads\/sites\/2\/2023\/05\/horaire-2023-ADS-scaled.jpg\" class=\"vcex-image-img wpex-align-middle\" alt=\"\" loading=\"lazy\" decoding=\"async\" srcset=\"https:\/\/armeedusalut.be\/liege\/wp-content\/uploads\/sites\/2\/2023\/05\/horaire-2023-ADS-scaled.jpg 2560w, https:\/\/armeedusalut.be\/liege\/wp-content\/uploads\/sites\/2\/2023\/05\/horaire-2023-ADS-scaled-300x213.jpg 300w, https:\/\/armeedusalut.be\/liege\/wp-content\/uploads\/sites\/2\/2023\/05\/horaire-2023-ADS-1024x726.jpg 1024w, https:\/\/armeedusalut.be\/liege\/wp-content\/uploads\/sites\/2\/2023\/05\/horaire-2023-ADS-768x545.jpg 768w, https:\/\/armeedusalut.be\/liege\/wp-content\/uploads\/sites\/2\/2023\/05\/horaire-2023-ADS-1536x1090.jpg 1536w, https:\/\/armeedusalut.be\/liege\/wp-content\/uploads\/sites\/2\/2023\/05\/horaire-2023-ADS-2048x1453.jpg 2048w\" sizes=\"auto, (max-width: 2560px) 100vw, 2560px\" \/><\/div><\/figure>[\/vc_column][vc_column width=\u00a0\u00bb1\/2&Prime;][vc_column_text]<strong>NOTRE COMBAT SE FOCALISE SUR LA LUTTE CONTRE LA PAUVRETE ET L\u2019EXCLUSION.\u00a0<\/strong><\/p>\n<p>En Belgique on ne meurt pas de faim mais la malnutrition tue toujours\u00a0!<\/p>\n<p>Pour les SDF qui vivent en rue, le repas n\u2019est plus un plaisir, mais une survie. Pas de cuisini\u00e8re, mais bien trop souvent des boites de conserves froides impossible \u00e0 r\u00e9chauffer. Pour certaines familles, la viande est un vieux r\u00eave \u2026<\/p>\n<p>Pour aider les personnes en difficult\u00e9, nous distribuons un colis alimentaire \u00e0 ceux et celles qui en ont besoin.<\/p>\n<p>UN COUP DE POUCE<\/p>\n<p>Vous pouvez recevoir un colis alimentaire d\u2019urgence si vous\u00a0\u00eates dans une situation pr\u00e9caire. N\u2019ayez pas peur de pousser notre porte, nous sommes l\u00e0 pour vous venir en aide. Nos \u00e9quipes seront attentives \u00e0 vos besoins et se feront un plaisir de vous aider.<\/p>\n<p>UNE AIDE REGULIERE<\/p>\n<p>Vous savez que votre situation n\u00e9cessite une aide r\u00e9guli\u00e8re. Afin de vous aider \u00e0 sortir de cette voie qui semble \u00eatre sans issue, nous vous tendons la main. Contactez votre CPAS ou nos services pour voir comment vous pourrez b\u00e9n\u00e9ficier de ce service.<\/p>\n<p style=\"text-align: center\">DEPUIS PLUS DE 150 ANS<\/p>\n[\/vc_column_text][\/vc_column][\/vc_row]\n<\/div>","protected":false},"excerpt":{"rendered":"<p>[vc_row][vc_column width=\u00a0\u00bb1\/2&Prime;][\/vc_column][vc_column width=\u00a0\u00bb1\/2&Prime;][vc_column_text]NOTRE COMBAT SE FOCALISE SUR LA LUTTE CONTRE LA PAUVRETE ET L\u2019EXCLUSION.\u00a0 En Belgique on ne meurt pas de faim mais la malnutrition tue toujours\u00a0! Pour les SDF qui vivent en rue, le repas n\u2019est plus un plaisir, mais une survie. Pas de cuisini\u00e8re, mais bien trop souvent des boites de conserves froides&hellip;<\/p>\n","protected":false},"author":5,"featured_media":912,"parent":0,"menu_order":0,"comment_status":"closed","ping_status":"closed","template":"","meta":{"footnotes":""},"class_list":["post-911","page","type-page","status-publish","has-post-thumbnail","hentry","entry","has-media"],"_links":{"self":[{"href":"https:\/\/armeedusalut.be\/liege\/wp-json\/wp\/v2\/pages\/911","targetHints":{"allow":["GET"]}}],"collection":[{"href":"https:\/\/armeedusalut.be\/liege\/wp-json\/wp\/v2\/pages"}],"about":[{"href":"https:\/\/armeedusalut.be\/liege\/wp-json\/wp\/v2\/types\/page"}],"author":[{"embeddable":true,"href":"https:\/\/armeedusalut.be\/liege\/wp-json\/wp\/v2\/users\/5"}],"replies":[{"embeddable":true,"href":"https:\/\/armeedusalut.be\/liege\/wp-json\/wp\/v2\/comments?post=911"}],"version-history":[{"count":8,"href":"https:\/\/armeedusalut.be\/liege\/wp-json\/wp\/v2\/pages\/911\/revisions"}],"predecessor-version":[{"id":1230,"href":"https:\/\/armeedusalut.be\/liege\/wp-json\/wp\/v2\/pages\/911\/revisions\/1230"}],"wp:featuredmedia":[{"embeddable":true,"href":"https:\/\/armeedusalut.be\/liege\/wp-json\/wp\/v2\/media\/912"}],"wp:attachment":[{"href":"https:\/\/armeedusalut.be\/liege\/wp-json\/wp\/v2\/media?parent=911"}],"curies":[{"name":"wp","href":"https:\/\/api.w.org\/{rel}","templated":true}]}}

<div class="wpb-content-wrapper">[vc_row][vc_column width= »1/2&Prime;]<figure class="vcex-image vcex-module"><div class="vcex-image-inner wpex-relative wpex-inline-block"><img width="2560" height="1816" src="https://armeedusalut.be/liege/wp-content/uploads/sites/2/2023/05/horaire-2023-ADS-scaled.jpg" class="vcex-image-img wpex-align-middle" alt="" loading="lazy" decoding="async" srcset="https://armeedusalut.be/liege/wp-content/uploads/sites/2/2023/05/horaire-2023-ADS-scaled.jpg 2560w, https://armeedusalut.be/liege/wp-content/uploads/sites/2/2023/05/horaire-2023-ADS-scaled-300x213.jpg 300w, https://armeedusalut.be/liege/wp-content/uploads/sites/2/2023/05/horaire-2023-ADS-1024x726.jpg 1024w, https://armeedusalut.be/liege/wp-content/uploads/sites/2/2023/05/horaire-2023-ADS-768x545.jpg 768w, https://armeedusalut.be/liege/wp-content/uploads/sites/2/2023/05/horaire-2023-ADS-1536x1090.jpg 1536w, https://armeedusalut.be/liege/wp-content/uploads/sites/2/2023/05/horaire-2023-ADS-2048x1453.jpg 2048w" sizes="auto, (max-width: 2560px) 100vw, 2560px" /></div></figure>[/vc_column][vc_column width= »1/2&Prime;][vc_column_text]<strong>NOTRE COMBAT SE FOCALISE SUR LA LUTTE CONTRE LA PAUVRETE ET L’EXCLUSION. </strong></p>
<p>En Belgique on ne meurt pas de faim mais la malnutrition tue toujours !</p>
<p>Pour les SDF qui vivent en rue, le repas n’est plus un plaisir, mais une survie. Pas de cuisinière, mais bien trop souvent des boites de conserves froides impossible à réchauffer. Pour certaines familles, la viande est un vieux rêve …</p>
<p>Pour aider les personnes en difficulté, nous distribuons un colis alimentaire à ceux et celles qui en ont besoin.</p>
<p>UN COUP DE POUCE</p>
<p>Vous pouvez recevoir un colis alimentaire d’urgence si vous êtes dans une situation précaire. N’ayez pas peur de pousser notre porte, nous sommes là pour vous venir en aide. Nos équipes seront attentives à vos besoins et se feront un plaisir de vous aider.</p>
<p>UNE AIDE REGULIERE</p>
<p>Vous savez que votre situation nécessite une aide régulière. Afin de vous aider à sortir de cette voie qui semble être sans issue, nous vous tendons la main. Contactez votre CPAS ou nos services pour voir comment vous pourrez bénéficier de ce service.</p>
<p style="text-align: center">DEPUIS PLUS DE 150 ANS</p>
[/vc_column_text][/vc_column][/vc_row]
</div>

<p>[vc_row][vc_column width= »1/2&Prime;][/vc_column][vc_column width= »1/2&Prime;][vc_column_text]NOTRE COMBAT SE FOCALISE SUR LA LUTTE CONTRE LA PAUVRETE ET L’EXCLUSION.  En Belgique on ne meurt pas de faim mais la malnutrition tue toujours ! Pour les SDF qui vivent en rue, le repas n’est plus un plaisir, mais une survie. Pas de cuisinière, mais bien trop souvent des boites de conserves froides&hellip;</p>
